{"id":125,"date":"2023-10-10T21:45:06","date_gmt":"2023-10-10T21:45:06","guid":{"rendered":"https:\/\/ecosdelmediterraneo.com\/?page_id=125"},"modified":"2023-11-27T11:38:23","modified_gmt":"2023-11-27T11:38:23","slug":"nosotros","status":"publish","type":"page","link":"https:\/\/ecosdelmediterraneo.com\/?page_id=125","title":{"rendered":"Nosotros"},"content":{"rendered":"\n<div class=\"slider-wrapper relative\" id=\"slider-550289588\" >\n    <div class=\"slider slider-nav-circle slider-nav-large slider-nav-light slider-style-normal\"\n        data-flickity-options='{\n            \"cellAlign\": \"center\",\n            \"imagesLoaded\": true,\n            \"lazyLoad\": 1,\n            \"freeScroll\": false,\n            \"wrapAround\": true,\n            \"autoPlay\": 6000,\n            \"pauseAutoPlayOnHover\" : true,\n            \"prevNextButtons\": true,\n            \"contain\" : true,\n            \"adaptiveHeight\" : true,\n            \"dragThreshold\" : 10,\n            \"percentPosition\": true,\n            \"pageDots\": true,\n            \"rightToLeft\": false,\n            \"draggable\": true,\n            \"selectedAttraction\": 0.1,\n            \"parallax\" : 0,\n            \"friction\": 0.6        }'\n        >\n        \n\n\n  <div class=\"banner has-hover has-slide-effect slide-zoom-in\" id=\"banner-1339414186\">\n          <div class=\"banner-inner fill\">\n        <div class=\"banner-bg fill\" >\n            <div class=\"bg fill bg-fill \"><\/div>\n                        <div class=\"overlay\"><\/div>            \n                    <\/div>\n\t\t\n        <div class=\"banner-layers container\">\n            <div class=\"fill banner-link\"><\/div>            \n\n   <div id=\"text-box-1953509136\" class=\"text-box banner-layer x50 md-x50 lg-x50 y25 md-y25 lg-y25 res-text\">\n                     <div data-animate=\"flipInY\">           <div class=\"text-box-content text dark\">\n              \n              <div class=\"text-inner text-center\">\n                  \n\n\t<div id=\"text-2724901476\" class=\"text\">\n\t\t\n\n<h1 class=\"h-large uppercase\"><span style=\"font-size: 160%; color: #993366;\"><strong>NOSOTROS<\/strong><\/span><\/h1>\n\t\t\n<style>\n#text-2724901476 {\n  text-align: left;\n}\n<\/style>\n\t<\/div>\n\t\n\n              <\/div>\n           <\/div>\n       <\/div>                     \n<style>\n#text-box-1953509136 {\n  width: 100%;\n}\n#text-box-1953509136 .text-box-content {\n  font-size: 100%;\n}\n@media (min-width:550px) {\n  #text-box-1953509136 {\n    width: 100%;\n  }\n}\n<\/style>\n    <\/div>\n \n\n        <\/div>\n      <\/div>\n\n            \n<style>\n#banner-1339414186 {\n  padding-top: 500px;\n}\n#banner-1339414186 .bg.bg-loaded {\n  background-image: url(https:\/\/ecosdelmediterraneo.com\/wp-content\/uploads\/2023\/10\/Nosotros-3.jpeg);\n}\n#banner-1339414186 .overlay {\n  background-color: rgba(0, 0, 0, 0.02);\n}\n#banner-1339414186 .bg {\n  background-position: 0% 11%;\n}\n<\/style>\n  <\/div>\n\n\n\n     <\/div>\n\n     <div class=\"loading-spin dark large centered\"><\/div>\n\n\t<\/div>\n\n\n\t<div id=\"gap-949017338\" class=\"gap-element clearfix\" style=\"display:block; height:auto;\">\n\t\t\n<style>\n#gap-949017338 {\n  padding-top: 30px;\n}\n<\/style>\n\t<\/div>\n\t\n\n\t<section class=\"section\" id=\"section_1915656151\">\n\t\t<div class=\"bg section-bg fill bg-fill  bg-loaded\" >\n\n\t\t\t\n\t\t\t\n\t\t\t\n\n\t\t<\/div>\n\n\t\t\n\n\t\t<div class=\"section-content relative\">\n\t\t\t\n\n<div class=\"row\"  id=\"row-2143760643\">\n\n\n\t<div id=\"col-1380791123\" class=\"col medium-3 small-6 large-3\"  >\n\t\t\t\t<div class=\"col-inner\"  >\n\t\t\t\n\t\t\t\n\n\t<div class=\"box has-hover   has-hover box-text-bottom\" >\n\n\t\t<div class=\"box-image\" >\n\t\t\t\t\t\t<div class=\"image-zoom\" >\n\t\t\t\t<img loading=\"lazy\" decoding=\"async\" width=\"1000\" height=\"667\" src=\"https:\/\/ecosdelmediterraneo.com\/wp-content\/uploads\/2023\/10\/Team-Maria-1.jpg\" class=\"attachment- size-\" alt=\"\" srcset=\"https:\/\/ecosdelmediterraneo.com\/wp-content\/uploads\/2023\/10\/Team-Maria-1.jpg 1000w, https:\/\/ecosdelmediterraneo.com\/wp-content\/uploads\/2023\/10\/Team-Maria-1-300x200.jpg 300w, https:\/\/ecosdelmediterraneo.com\/wp-content\/uploads\/2023\/10\/Team-Maria-1-768x512.jpg 768w, https:\/\/ecosdelmediterraneo.com\/wp-content\/uploads\/2023\/10\/Team-Maria-1-600x400.jpg 600w\" sizes=\"auto, (max-width: 1000px) 100vw, 1000px\" \/>\t\t\t\t\t\t\t\t\t\t\t<\/div>\n\t\t\t\t\t<\/div>\n\n\t\t<div class=\"box-text text-center\" >\n\t\t\t<div class=\"box-text-inner\">\n\t\t\t\t\n\n<h4>Maria Yanes<\/h4>\n<p>Fundadora \/ Direcci\u00f3n<\/p>\n\n\t\t\t<\/div>\n\t\t<\/div>\n\t<\/div>\n\t\n\n\t\t<\/div>\n\t\t\t\t\t<\/div>\n\n\t\n\n\t<div id=\"col-731937027\" class=\"col medium-3 small-6 large-3\"  >\n\t\t\t\t<div class=\"col-inner\"  >\n\t\t\t\n\t\t\t\n\n\t<div class=\"box has-hover   has-hover box-text-bottom\" >\n\n\t\t<div class=\"box-image\" >\n\t\t\t\t\t\t<div class=\"image-zoom\" >\n\t\t\t\t<img loading=\"lazy\" decoding=\"async\" width=\"2560\" height=\"1709\" src=\"https:\/\/ecosdelmediterraneo.com\/wp-content\/uploads\/2023\/10\/Team-Martina-1-scaled.jpg\" class=\"attachment- size-\" alt=\"\" srcset=\"https:\/\/ecosdelmediterraneo.com\/wp-content\/uploads\/2023\/10\/Team-Martina-1-scaled.jpg 2560w, https:\/\/ecosdelmediterraneo.com\/wp-content\/uploads\/2023\/10\/Team-Martina-1-300x200.jpg 300w, https:\/\/ecosdelmediterraneo.com\/wp-content\/uploads\/2023\/10\/Team-Martina-1-1024x684.jpg 1024w, https:\/\/ecosdelmediterraneo.com\/wp-content\/uploads\/2023\/10\/Team-Martina-1-768x513.jpg 768w, https:\/\/ecosdelmediterraneo.com\/wp-content\/uploads\/2023\/10\/Team-Martina-1-1536x1025.jpg 1536w, https:\/\/ecosdelmediterraneo.com\/wp-content\/uploads\/2023\/10\/Team-Martina-1-2048x1367.jpg 2048w, https:\/\/ecosdelmediterraneo.com\/wp-content\/uploads\/2023\/10\/Team-Martina-1-1320x881.jpg 1320w, https:\/\/ecosdelmediterraneo.com\/wp-content\/uploads\/2023\/10\/Team-Martina-1-600x401.jpg 600w\" sizes=\"auto, (max-width: 2560px) 100vw, 2560px\" \/>\t\t\t\t\t\t\t\t\t\t\t<\/div>\n\t\t\t\t\t<\/div>\n\n\t\t<div class=\"box-text text-center\" >\n\t\t\t<div class=\"box-text-inner\">\n\t\t\t\t\n\n<h4>Martina Ivani<\/h4>\n<p>Organizaci\u00f3n<\/p>\n\n\t\t\t<\/div>\n\t\t<\/div>\n\t<\/div>\n\t\n\n\t\t<\/div>\n\t\t\t\t\t<\/div>\n\n\t\n\n\t<div id=\"col-623677015\" class=\"col medium-3 small-6 large-3\"  >\n\t\t\t\t<div class=\"col-inner\"  >\n\t\t\t\n\t\t\t\n\n\t<div class=\"box has-hover   has-hover box-text-bottom\" >\n\n\t\t<div class=\"box-image\" >\n\t\t\t\t\t\t<div class=\"image-zoom\" >\n\t\t\t\t<img loading=\"lazy\" decoding=\"async\" width=\"1000\" height=\"667\" src=\"https:\/\/ecosdelmediterraneo.com\/wp-content\/uploads\/2023\/10\/Team-Elena-2.jpeg\" class=\"attachment- size-\" alt=\"\" srcset=\"https:\/\/ecosdelmediterraneo.com\/wp-content\/uploads\/2023\/10\/Team-Elena-2.jpeg 1000w, https:\/\/ecosdelmediterraneo.com\/wp-content\/uploads\/2023\/10\/Team-Elena-2-300x200.jpeg 300w, https:\/\/ecosdelmediterraneo.com\/wp-content\/uploads\/2023\/10\/Team-Elena-2-768x512.jpeg 768w, https:\/\/ecosdelmediterraneo.com\/wp-content\/uploads\/2023\/10\/Team-Elena-2-600x400.jpeg 600w\" sizes=\"auto, (max-width: 1000px) 100vw, 1000px\" \/>\t\t\t\t\t\t\t\t\t\t\t<\/div>\n\t\t\t\t\t<\/div>\n\n\t\t<div class=\"box-text text-center\" >\n\t\t\t<div class=\"box-text-inner\">\n\t\t\t\t\n\n<h4>Jennifer Collins<\/h4>\n<p>Organizaci\u00f3n<\/p>\n\n\t\t\t<\/div>\n\t\t<\/div>\n\t<\/div>\n\t\n\n\t\t<\/div>\n\t\t\t\t\t<\/div>\n\n\t\n\n\t<div id=\"col-801492922\" class=\"col medium-3 small-6 large-3\"  >\n\t\t\t\t<div class=\"col-inner\"  >\n\t\t\t\n\t\t\t\n\n\t<div class=\"box has-hover   has-hover box-text-bottom\" >\n\n\t\t<div class=\"box-image\" >\n\t\t\t\t\t\t<div class=\"image-zoom\" >\n\t\t\t\t<img loading=\"lazy\" decoding=\"async\" width=\"1000\" height=\"667\" src=\"https:\/\/ecosdelmediterraneo.com\/wp-content\/uploads\/2023\/10\/Team-Maxi-2.jpg\" class=\"attachment- size-\" alt=\"\" srcset=\"https:\/\/ecosdelmediterraneo.com\/wp-content\/uploads\/2023\/10\/Team-Maxi-2.jpg 1000w, https:\/\/ecosdelmediterraneo.com\/wp-content\/uploads\/2023\/10\/Team-Maxi-2-300x200.jpg 300w, https:\/\/ecosdelmediterraneo.com\/wp-content\/uploads\/2023\/10\/Team-Maxi-2-768x512.jpg 768w, https:\/\/ecosdelmediterraneo.com\/wp-content\/uploads\/2023\/10\/Team-Maxi-2-600x400.jpg 600w\" sizes=\"auto, (max-width: 1000px) 100vw, 1000px\" \/>\t\t\t\t\t\t\t\t\t\t\t<\/div>\n\t\t\t\t\t<\/div>\n\n\t\t<div class=\"box-text text-center\" >\n\t\t\t<div class=\"box-text-inner\">\n\t\t\t\t\n\n<h4>Maximiliano Papay<\/h4>\n<p>Cuentas corporativas<\/p>\n\n\t\t\t<\/div>\n\t\t<\/div>\n\t<\/div>\n\t\n\n\t\t<\/div>\n\t\t\t\t\t<\/div>\n\n\t\n\n<\/div>\n\n\t\t<\/div>\n\n\t\t\n<style>\n#section_1915656151 {\n  padding-top: 30px;\n  padding-bottom: 30px;\n}\n<\/style>\n\t<\/section>\n\t\n\t<section class=\"section\" id=\"section_1490744515\">\n\t\t<div class=\"bg section-bg fill bg-fill  bg-loaded\" >\n\n\t\t\t\n\t\t\t\n\t\t\t\n\n\t\t<\/div>\n\n\t\t\n\n\t\t<div class=\"section-content relative\">\n\t\t\t\n\n<div class=\"row\"  id=\"row-1823568486\">\n\n\n\t<div id=\"col-331002512\" class=\"col medium-3 small-6 large-3\"  >\n\t\t\t\t<div class=\"col-inner\"  >\n\t\t\t\n\t\t\t\n\n\t<div class=\"box has-hover   has-hover box-text-bottom\" >\n\n\t\t<div class=\"box-image\" >\n\t\t\t\t\t\t<div class=\"image-zoom\" >\n\t\t\t\t<img loading=\"lazy\" decoding=\"async\" width=\"1000\" height=\"667\" src=\"https:\/\/ecosdelmediterraneo.com\/wp-content\/uploads\/2023\/10\/Team-Cecilia-1.jpeg\" class=\"attachment- size-\" alt=\"\" srcset=\"https:\/\/ecosdelmediterraneo.com\/wp-content\/uploads\/2023\/10\/Team-Cecilia-1.jpeg 1000w, https:\/\/ecosdelmediterraneo.com\/wp-content\/uploads\/2023\/10\/Team-Cecilia-1-300x200.jpeg 300w, https:\/\/ecosdelmediterraneo.com\/wp-content\/uploads\/2023\/10\/Team-Cecilia-1-768x512.jpeg 768w, https:\/\/ecosdelmediterraneo.com\/wp-content\/uploads\/2023\/10\/Team-Cecilia-1-600x400.jpeg 600w\" sizes=\"auto, (max-width: 1000px) 100vw, 1000px\" \/>\t\t\t\t\t\t\t\t\t\t\t<\/div>\n\t\t\t\t\t<\/div>\n\n\t\t<div class=\"box-text text-center\" >\n\t\t\t<div class=\"box-text-inner\">\n\t\t\t\t\n\n<h4>Elena Lagos<\/h4>\n<p>Proveedores \/ Operaciones<\/p>\n\n\t\t\t<\/div>\n\t\t<\/div>\n\t<\/div>\n\t\n\n\t\t<\/div>\n\t\t\t\t\t<\/div>\n\n\t\n\n\t<div id=\"col-381033100\" class=\"col medium-3 small-6 large-3\"  >\n\t\t\t\t<div class=\"col-inner\"  >\n\t\t\t\n\t\t\t\n\n\t<div class=\"box has-hover   has-hover box-text-bottom\" >\n\n\t\t<div class=\"box-image\" >\n\t\t\t\t\t\t<div class=\"image-zoom\" >\n\t\t\t\t<img loading=\"lazy\" decoding=\"async\" width=\"1000\" height=\"667\" src=\"https:\/\/ecosdelmediterraneo.com\/wp-content\/uploads\/2023\/10\/Team-Inma-1.jpeg\" class=\"attachment- size-\" alt=\"\" srcset=\"https:\/\/ecosdelmediterraneo.com\/wp-content\/uploads\/2023\/10\/Team-Inma-1.jpeg 1000w, https:\/\/ecosdelmediterraneo.com\/wp-content\/uploads\/2023\/10\/Team-Inma-1-300x200.jpeg 300w, https:\/\/ecosdelmediterraneo.com\/wp-content\/uploads\/2023\/10\/Team-Inma-1-768x512.jpeg 768w, https:\/\/ecosdelmediterraneo.com\/wp-content\/uploads\/2023\/10\/Team-Inma-1-600x400.jpeg 600w\" sizes=\"auto, (max-width: 1000px) 100vw, 1000px\" \/>\t\t\t\t\t\t\t\t\t\t\t<\/div>\n\t\t\t\t\t<\/div>\n\n\t\t<div class=\"box-text text-center\" >\n\t\t\t<div class=\"box-text-inner\">\n\t\t\t\t\n\n<h4>Inma Lozano<\/h4>\n<p>Organizaci\u00f3n<\/p>\n\n\t\t\t<\/div>\n\t\t<\/div>\n\t<\/div>\n\t\n\n\t\t<\/div>\n\t\t\t\t\t<\/div>\n\n\t\n\n\t<div id=\"col-253370472\" class=\"col medium-3 small-6 large-3\"  >\n\t\t\t\t<div class=\"col-inner\"  >\n\t\t\t\n\t\t\t\n\n\t<div class=\"box has-hover   has-hover box-text-bottom\" >\n\n\t\t<div class=\"box-image\" >\n\t\t\t\t\t\t<div class=\"image-zoom\" >\n\t\t\t\t<img loading=\"lazy\" decoding=\"async\" width=\"1000\" height=\"684\" src=\"https:\/\/ecosdelmediterraneo.com\/wp-content\/uploads\/2023\/10\/Team-Lisandro-1.jpeg\" class=\"attachment- size-\" alt=\"\" srcset=\"https:\/\/ecosdelmediterraneo.com\/wp-content\/uploads\/2023\/10\/Team-Lisandro-1.jpeg 1000w, https:\/\/ecosdelmediterraneo.com\/wp-content\/uploads\/2023\/10\/Team-Lisandro-1-300x205.jpeg 300w, https:\/\/ecosdelmediterraneo.com\/wp-content\/uploads\/2023\/10\/Team-Lisandro-1-768x525.jpeg 768w, https:\/\/ecosdelmediterraneo.com\/wp-content\/uploads\/2023\/10\/Team-Lisandro-1-600x410.jpeg 600w\" sizes=\"auto, (max-width: 1000px) 100vw, 1000px\" \/>\t\t\t\t\t\t\t\t\t\t\t<\/div>\n\t\t\t\t\t<\/div>\n\n\t\t<div class=\"box-text text-center\" >\n\t\t\t<div class=\"box-text-inner\">\n\t\t\t\t\n\n<h4>Lisandro Perez<\/h4>\n<p>Jefe Administraci\u00f3n<\/p>\n\n\t\t\t<\/div>\n\t\t<\/div>\n\t<\/div>\n\t\n\n\t\t<\/div>\n\t\t\t\t\t<\/div>\n\n\t\n\n\t<div id=\"col-1405295163\" class=\"col medium-3 small-6 large-3\"  >\n\t\t\t\t<div class=\"col-inner\"  >\n\t\t\t\n\t\t\t\n\n\t<div class=\"box has-hover   has-hover box-text-bottom\" >\n\n\t\t<div class=\"box-image\" >\n\t\t\t\t\t\t<div class=\"image-zoom\" >\n\t\t\t\t<img loading=\"lazy\" decoding=\"async\" width=\"1000\" height=\"666\" src=\"https:\/\/ecosdelmediterraneo.com\/wp-content\/uploads\/2023\/10\/Team-Mariano-1.jpeg\" class=\"attachment- size-\" alt=\"\" srcset=\"https:\/\/ecosdelmediterraneo.com\/wp-content\/uploads\/2023\/10\/Team-Mariano-1.jpeg 1000w, https:\/\/ecosdelmediterraneo.com\/wp-content\/uploads\/2023\/10\/Team-Mariano-1-300x200.jpeg 300w, https:\/\/ecosdelmediterraneo.com\/wp-content\/uploads\/2023\/10\/Team-Mariano-1-768x511.jpeg 768w, https:\/\/ecosdelmediterraneo.com\/wp-content\/uploads\/2023\/10\/Team-Mariano-1-600x400.jpeg 600w\" sizes=\"auto, (max-width: 1000px) 100vw, 1000px\" \/>\t\t\t\t\t\t\t\t\t\t\t<\/div>\n\t\t\t\t\t<\/div>\n\n\t\t<div class=\"box-text text-center\" >\n\t\t\t<div class=\"box-text-inner\">\n\t\t\t\t\n\n<h4>Mariano Acosta<\/h4>\n<p>Operaciones corporativas<\/p>\n\n\t\t\t<\/div>\n\t\t<\/div>\n\t<\/div>\n\t\n\n\t\t<\/div>\n\t\t\t\t\t<\/div>\n\n\t\n\n<\/div>\n<div class=\"row\"  id=\"row-727270059\">\n\n\n\t<div id=\"col-1378207783\" class=\"col small-12 large-12\"  >\n\t\t\t\t<div class=\"col-inner\"  >\n\t\t\t\n\t\t\t\n\n<div class=\"row\"  id=\"row-1613892475\">\n\n\n\t<div id=\"col-1209894575\" class=\"col medium-6 small-12 large-6\"  >\n\t\t\t\t<div class=\"col-inner\"  >\n\t\t\t\n\t\t\t\n\n<h3><strong>\u00bfPorqu\u00e9 Nosotros?<\/strong><\/h3>\n<p>En <em>Ecos del Mediterr\u00e1neo<\/em>, nuestra reputaci\u00f3n lo dice todo. Con un legado que se remonta a 2010, hemos perfeccionado nuestra experiencia en la organizaci\u00f3n de eventos inolvidables.<\/p>\n<p>Nuestra amplia experiencia abarca diversos lugares y ocasiones, nos dota de una visi\u00f3n inigualable de la industria. Despu\u00e9s de haber organizado m\u00e1s de 800 eventos, nuestra experiencia nos permite navegar por las complejidades sin esfuerzo, lo que garantiza un proceso sin problemas para ti.<\/p>\n<p>Nuestro equipo de coordinaci\u00f3n no es s\u00f3lo un equipo; son profesionales elegidos a dedo que se someten a una rigurosa selecci\u00f3n y a una amplia formaci\u00f3n. Su inquebrantable dedicaci\u00f3n y experiencia garantizan que su evento est\u00e9 en buenas manos de principio a fin. Nos enorgullecemos de fomentar una cultura de profesionalidad y colaboraci\u00f3n que garantiza su satisfacci\u00f3n.<\/p>\n<p>\u00a0<\/p>\n\n\t\t<\/div>\n\t\t\t\t\t<\/div>\n\n\t\n\n\t<div id=\"col-1830841584\" class=\"col medium-6 small-12 large-6\"  >\n\t\t\t\t<div class=\"col-inner\"  >\n\t\t\t\n\t\t\t\n\n\t<div class=\"img has-hover x md-x lg-x y md-y lg-y\" id=\"image_70146864\">\n\t\t\t\t\t\t\t\t<div class=\"img-inner image-cover dark\" style=\"padding-top:56.25%;\">\n\t\t\t<img loading=\"lazy\" decoding=\"async\" width=\"1000\" height=\"667\" src=\"https:\/\/ecosdelmediterraneo.com\/wp-content\/uploads\/2023\/10\/Nosotros-1.jpeg\" class=\"attachment-original size-original\" alt=\"\" srcset=\"https:\/\/ecosdelmediterraneo.com\/wp-content\/uploads\/2023\/10\/Nosotros-1.jpeg 1000w, https:\/\/ecosdelmediterraneo.com\/wp-content\/uploads\/2023\/10\/Nosotros-1-300x200.jpeg 300w, https:\/\/ecosdelmediterraneo.com\/wp-content\/uploads\/2023\/10\/Nosotros-1-768x512.jpeg 768w, https:\/\/ecosdelmediterraneo.com\/wp-content\/uploads\/2023\/10\/Nosotros-1-600x400.jpeg 600w\" sizes=\"auto, (max-width: 1000px) 100vw, 1000px\" \/>\t\t\t\t\t\t\n\t\t\t\t\t<\/div>\n\t\t\t\t\t\t\t\t\n<style>\n#image_70146864 {\n  width: 98%;\n}\n<\/style>\n\t<\/div>\n\t\n\n<p>En <em>Ecos del Mediterr\u00e1neo<\/em>, damos prioridad a las conexiones genuinas con nuestros clientes. Tanto si se trata de una reuni\u00f3n \u00edntima como de una gran celebraci\u00f3n o un mega evento corporativo, nuestro enfoque se basa y personaliza seg\u00fan tus preferencias. Nuestro experimentado equipo est\u00e1 preparado para transformar tu visi\u00f3n en un evento que refleje tu estilo y supere sus expectativas.<\/p>\n\n\t\t<\/div>\n\t\t\t\t\t<\/div>\n\n\t\n\n<\/div>\n<div class=\"row\"  id=\"row-1781826214\">\n\n\n\t<div id=\"col-1916471511\" class=\"col medium-6 small-12 large-6\"  >\n\t\t\t\t<div class=\"col-inner\"  >\n\t\t\t\n\t\t\t\n\n\t<div id=\"gap-662931321\" class=\"gap-element clearfix\" style=\"display:block; height:auto;\">\n\t\t\n<style>\n#gap-662931321 {\n  padding-top: 30px;\n}\n<\/style>\n\t<\/div>\n\t\n\n\t<div class=\"img has-hover x md-x lg-x y md-y lg-y\" id=\"image_1844810728\">\n\t\t\t\t\t\t\t\t<div class=\"img-inner image-cover dark\" style=\"padding-top:56.25%;\">\n\t\t\t<img loading=\"lazy\" decoding=\"async\" width=\"300\" height=\"200\" src=\"https:\/\/ecosdelmediterraneo.com\/wp-content\/uploads\/2023\/10\/Mesa-07-300x200.jpeg\" class=\"attachment-medium size-medium\" alt=\"\" srcset=\"https:\/\/ecosdelmediterraneo.com\/wp-content\/uploads\/2023\/10\/Mesa-07-300x200.jpeg 300w, https:\/\/ecosdelmediterraneo.com\/wp-content\/uploads\/2023\/10\/Mesa-07-768x512.jpeg 768w, https:\/\/ecosdelmediterraneo.com\/wp-content\/uploads\/2023\/10\/Mesa-07-600x400.jpeg 600w, https:\/\/ecosdelmediterraneo.com\/wp-content\/uploads\/2023\/10\/Mesa-07.jpeg 1000w\" sizes=\"auto, (max-width: 300px) 100vw, 300px\" \/>\t\t\t\t\t\t\n\t\t\t\t\t<\/div>\n\t\t\t\t\t\t\t\t\n<style>\n#image_1844810728 {\n  width: 100%;\n}\n<\/style>\n\t<\/div>\n\t\n\n\n\t\t<\/div>\n\t\t\t\t\t<\/div>\n\n\t\n\n\t<div id=\"col-161285382\" class=\"col medium-6 small-12 large-6\"  >\n\t\t\t\t<div class=\"col-inner\"  >\n\t\t\t\n\t\t\t\n\n<h3>Lo hacemos especial<\/h3>\n<p>Nuestra coordinaci\u00f3n de Ocasiones Especiales comienza sabiendo que t\u00fa tienes una historia que contar. Nuestro enfoque es considerar todas las formas en que podemos incorporar tu personalidad y estilo para desarrollar un evento que pueda ayudar a compartir esa historia con tus invitados. Nos esforzamos para que cada evento deje una impresi\u00f3n duradera.<\/p>\n<p>Encontrar oportunidades \u00fanicas para infundir detalles personalizados en cada ocasi\u00f3n especial es la raz\u00f3n por la hemos forjado una s\u00f3lida reputaci\u00f3n entre clientes y proveedores por igual. Nos gusta el reto de un proceso creativo y nos encanta cuando un plan sale a la perfecci\u00f3n.<\/p>\n\n\t\t<\/div>\n\t\t\t\t\t<\/div>\n\n\t\n\n<\/div>\n\n\t\t<\/div>\n\t\t\t\t\t<\/div>\n\n\t\n\n<\/div>\n\n\t\t<\/div>\n\n\t\t\n<style>\n#section_1490744515 {\n  padding-top: 30px;\n  padding-bottom: 30px;\n}\n<\/style>\n\t<\/section>\n\t\n\n","protected":false},"excerpt":{"rendered":"","protected":false},"author":1,"featured_media":0,"parent":0,"menu_order":0,"comment_status":"closed","ping_status":"closed","template":"page-blank.php","meta":{"footnotes":""},"class_list":["post-125","page","type-page","status-publish","hentry"],"jetpack_sharing_enabled":true,"_links":{"self":[{"href":"https:\/\/ecosdelmediterraneo.com\/index.php?rest_route=\/wp\/v2\/pages\/125","targetHints":{"allow":["GET"]}}],"collection":[{"href":"https:\/\/ecosdelmediterraneo.com\/index.php?rest_route=\/wp\/v2\/pages"}],"about":[{"href":"https:\/\/ecosdelmediterraneo.com\/index.php?rest_route=\/wp\/v2\/types\/page"}],"author":[{"embeddable":true,"href":"https:\/\/ecosdelmediterraneo.com\/index.php?rest_route=\/wp\/v2\/users\/1"}],"replies":[{"embeddable":true,"href":"https:\/\/ecosdelmediterraneo.com\/index.php?rest_route=%2Fwp%2Fv2%2Fcomments&post=125"}],"version-history":[{"count":13,"href":"https:\/\/ecosdelmediterraneo.com\/index.php?rest_route=\/wp\/v2\/pages\/125\/revisions"}],"predecessor-version":[{"id":536,"href":"https:\/\/ecosdelmediterraneo.com\/index.php?rest_route=\/wp\/v2\/pages\/125\/revisions\/536"}],"wp:attachment":[{"href":"https:\/\/ecosdelmediterraneo.com\/index.php?rest_route=%2Fwp%2Fv2%2Fmedia&parent=125"}],"curies":[{"name":"wp","href":"https:\/\/api.w.org\/{rel}","templated":true}]}}